n(10)?
78
Let y(g) = -g**2 - 96*g - 790. What is y(-9)?
-7
Let v(h) = -9*h + 336. Give v(38).
-6
Let v(k) = 82703*k - 82705. Give v(1).
-2
Let i(p) = p**2 + 176*p - 1096. Calculate i(6).
-4
Let j(p) = -642*p - 5141. Give j(-8).
-5
Let n(t) = -t**3 - 6*t**2 + 74*t + 15. Determine n(-13).
236
Let d(a) = 2*a**3 + 26*a - 7. What is d(0)?
-7
Let n(t) = -4*t**2 + 118*t - 266. Give n(27).
4
Let k(v) = v**2 + 130*v + 3856. What is k(-84)?
-8
Let t(i) = -i**2 + 36*i - 246. Determine t(9).
-3
Let b(f) = 46*f**2 + 139*f + 80. Calculate b(-2).
-14
Let z(q) = -589*q - 630. Calculate z(-1).
-41
Let x(f) = f**3 - 20*f**2 + 91*f + 38. Give x(13).
38
Let a(q) = 2*q**3 - 33*q**2 - 2*q + 294. What is a(16)?
6
Let h(r) = -200*r - 9797. Calculate h(-49).
3
Let t(s) = 4*s**2 - 28*s - 37. What is t(8)?
-5
Let l(u) = -64*u + 244. Calculate l(-3).
436
Let g(x) = -3*x**2 + 62*x - 256. Give g(5).
-21
Let u(q) = q**3 + 22*q**2 + 6*q + 146. What is u(-22)?
14
Let r(f) = -87*f + 912. What is r(10)?
42
Let y(j) = -j**3 + 2*j**2 + 12*j + 1. Give y(4).
17
Let g(i) = -i**3 + 33*i**2 + 12836*i + 259. Calculate g(131).
-3
Let w(a) = -14*a + 493. Determine w(34).
17
Let v(q) = -6*q**2 - 196*q - 1267. Determine v(-9).
11
Let y(u) = -5*u**2 - 64*u + 4405. Calculate y(24).
-11
Let i(r) = -r**3 - 19*r**2 + 148*r + 13. Give i(-25).
63
Let n(w) = w**2 + 41*w + 135. Give n(-38).
21
Let u(t) = t**3 + 7*t**2 + 39*t + 7. Give u(0).
7
Let n(g) = 11088*g + 288279. What is n(-26)?
-9
Let j(n) = -7*n**3 + 35*n**2 - 31*n + 11. Determine j(4).
-1
Let d(l) = -14*l**3 + 2*l**2 + 4*l + 2. Give d(-1).
14
Let a(g) = -2*g**2 - 31*g - 60. Determine a(-20).
-240
Let u(d) = d**2 + 33*d - 210. Determine u(-38).
-20
Let m(l) = l**3 - 36*l**2 + 74*l - 253. Give m(34).
-49
Let r(v) = 241*v + 1210. What is r(-5)?
5
Let q(r) = -21*r + 1128. Determine q(50).
78
Let i(o) = 42*o - 604. What is i(20)?
236
Let d(i) = 122*i + 384. What is d(-7)?
-470
Let p(o) = -474*o + 942. Give p(2).
-6
Let g(u) = 111*u + 3504. What is g(-32)?
-48
Let o(v) = 109*v - 426. Calculate o(5).
119
Let g(y) = -y**2 - 47*y + 927. Give g(15).
-3
Let p(u) = 1863*u**2 - 14904*u - 2. Determine p(8).
-2
Let b(u) = 115*u - 1669. Determine b(11).
-404
Let d(m) = -4*m - 289. Give d(-20).
-209
Let w(r) = -1376*r + 5499. Determine w(4).
-5
Let n(h) = -4*h**2 - 2*h + 8. Calculate n(3).
-34
Let s(z) = 2981*z - 38747. Give s(13).
6
Let y(q) = 66*q - 78. Determine y(6).
318
Let c(m) = -2*m**2 + 185*m + 105. What is c(93)?
12
Let v(f) = -764*f - 5460. Determine v(-7).
-112
Let h(o) = 32*o + 299. Calculate h(-9).
11
Let l(w) = -3*w**3 + 46*w**2 - 18*w + 36. Calculate l(15).
-9
Let j(s) = -344*s - 5502. What is j(-16)?
2
Let r(g) = -g**3 - 46*g**2 - 354*g + 57. What is r(-10)?
-3
Let y(u) = -2213*u + 30954. Calculate y(14).
-28
Let d(n) = n**3 - n**2 + 4*n - 22. What is d(2)?
-10
Let l(r) = -3*r**2 - 163*r + 342. Give l(2).
4
Let q(o) = -o**3 + 28*o**2 - 52*o + 89. What is q(26)?
89
Let g(x) = -x**2 - 60*x + 238. Determine g(4).
-18
Let m(s) = -s**3 + 7*s**2 + 17*s - 5. Give m(7).
114
Let q(h) = 6*h - 8. Calculate q(5).
22
Let a(y) = -5*y**2 - 136*y - 558. What is a(-4)?
-94
Let k(v) = -12*v**2 + 126*v + 197. What is k(12)?
-19
Let a(m) = -96*m**2 - m. Determine a(1).
-97
Let f(y) = y**3 - 5*y**2 + 34*y - 109. Determine f(5).
61
Let f(k) = 3485*k + 24415. Determine f(-7).
20
Let o(j) = -2081*j + 39541. Give o(19).
2
Let c(o) = 61*o - 3064. What is c(50)?
-14
Let h(b) = -501*b + 55. Determine h(1).
-446
Let g(v) = 32*v - 249. Calculate g(4).
-121
Let k(i) = -16218*i + 145968. Determine k(9).
6
Let z(a) = a**3 + 16*a**2 + 87*a + 458. Calculate z(-12).
-10
Let c(v) = v**3 - 6*v**2 + 51*v + 127. Give c(-2).
-7
Let h(t) = 2*t**3 - 114*t**2 - 7*t + 389. Determine h(57).
-10
Let u(w) = w**2 - 167*w + 1711. Calculate u(11).
-5
Let a(w) = -w**3 - 6*w**2 - 21*w - 59. What is a(-4)?
-7
Let h(y) = -4*y**2 - 2*y + 21. Calculate h(-4).
-35
Let m(q) = 131*q + 16. Calculate m(-2).
-246
Let i(m) = 11*m**2 + 309*m + 24. Determine i(-28).
-4
Let p(g) = -55*g + 20. Calculate p(-3).
185
Let l(i) = -16*i**2 - 457*i + 55. What is l(-29)?
-148
Let d(p) = p**3 + 93*p**2 + 904*p + 173. Give d(-82).
9
Let i(h) = h**2 + 68*h - 840. Give i(14).
308
Let y(q) = -31*q**3 + q**2 + 5*q + 7. Determine y(-2).
249
Let m(p) = 45*p**3 + 97*p - 98. Calculate m(1).
44
Let p(v) = -v**2 + 9*v + 48. What is p(15)?
-42
Let x(k) = -881*k + 15825. Determine x(18).
-33
Let v(z) = 199*z + 1784. Calculate v(-9).
-7
Let m(t) = -6*t**2 - 28*t + 120. Determine m(4).
-88
Let m(q) = -q**2 - 3*q + 342. Calculate m(18).
-36
Let y(x) = x**3 + 5*x**2 + 21*x + 363. What is y(-8)?
3
Let y(u) = 92*u**2 - 1196*u - 3. What is y(13)?
-3
Let p(d) = -87*d**2 + 543*d - 4. What is p(7)?
-466
Let x(s) = -3*s**3 + 547*s**2 + 363*s + 564. Determine x(183).
15
Let x(j) = 2*j**3 - 16*j**2 + 11*j - 70. Determine x(8).
18
Let h(k) = -14*k + 462. Determine h(35).
-28
Let x(w) = 4*w**3 + 44*w**2 + 139*w - 8. Determine x(-5).
-103
Let x(t) = -7*t**3 - t**2 + 11*t + 18. Calculate x(-2).
48
Let m(r) = -2*r**3 + 192*r**2 - 5*r + 401. Determine m(96).
-79
Let j(n) = -n**3 + 22*n**2 - 31*n - 86. Calculate j(20).
94
Let u(k) = k**3 + 109*k**2 - 4339*k + 38. Calculate u(-140).
-102
Let a(f) = 4*f**2 + 172*f - 348. Determine a(-45).
12
Let q(f) = -3*f**2 - 235*f + 142. What is q(-79)?
-16
Let l(t) = t**3 + 7*t**2 - 5*t - 51. Give l(-4).
17
Let i(z) = -5*z**3 - z**2 - 22*z + 52. Determine i(4).
-372
Let y(m) = -65*m + 437. What is y(10)?
-213
Let l(q) = 6*q**3 + q**2 - 3*q + 7. Determine l(-2).
-31
Let x(m) = 21*m - 778. Give x(37).
-1
Let c(k) = 7*k**3 - 4*k**2 + 6*k - 3. Determine c(1).
6
Let i(j) = 182*j + 6692. Determine i(-37).
-42
Let j(b) = 95*b - 3518. What is j(37)?
-3
Let w(a) = 2*a**2 - 48*a - 66. Calculate w(25).
-16
Let c(k) = 3*k**2 - 46*k - 295. Give c(-6).
89
Let u(v) = -v**3 + 100*v**2 - 107*v + 712. Determine u(99).
-80
Let i(l) = -l**2 + 25*l - 64. Determine i(25).
-64
Let f(b) = 2*b**3 - 85*b**2 - 424*b + 46. Give f(47).
-1
Let g(h) = 8*h**2 - 43*h + 21. Calculate g(5).
6
Let p(f) = -23*f + 3. What is p(0)?
3
Let v(t) = t**3 - 21*t**2 + 3*t + 67. Calculate v(21).
130
Let v(i) = -17*i + 357. Calculate v(22).
-17
Let y(q) = -65*q**2 + 1758*q - 80. Determine y(27).
1
Let z(v) = -10*v**2 - 10*v - 51. What is z(-2)?
-71
Let h(n) = -n**3 - 6*n**2 - 37*n - 222. Determine h(-6).
0
Let d(z) = -143*z + 22166. Determine d(155).
1
Let h(f) = -f**2 - 9*f + 354. Calculate h(15).
-6
Let t(u) = -u**3 - 2*u**2 - 3*u - 76. Determine t(0).
-76
Let h(u) = 8698*u + 60899. Calculate h(-7).
13
Let g(l) = 119*l + 2272. Calculate g(-19).
11
Let u(a) = 3*a**3 - 2*a**2 - 2*a + 1. What is u(3)?
58
Let x(o) = o**3 - 7*o**2 - 127*o - 58. Calculate x(-8).
-2
Let b(a) = a**3 - 23*a**2 - 137*a - 91. What is b(28)?
-7
Let p(d) = 2*d + 17. Determine p(-24).
-31
Let u(d) = -133*d - 15299. What is u(-115)?
-4
Let o(l) = 2*l**3 - 164*l**2 + 765*l + 340. Give o(77).
-45
Let u(s) = -s**2 + 17. Give u(9).
-64
Let z(s) = 2*s**2 - 8*s - 688. Calculate z(21).
26
Let o(n) = 8*n + 366. Determine o(-45).
6
Let a(u) = u**2 - 1211*u + 9579. What is a(8)?
-45
Let l(h) = -328*h - 1639. Calculate l(-6).
329
Let j(u) = -u**3 + 3*u**2 + 20*u + 76. What is j(-7)?
426
Let a(o) = -3*o**2 - 20*o - 36. Give a(-8).
-68
Let k(t) = 386*t + 1165. Calculate k(-3).
7
Let b(m) = -694*m - 2081. Determine b(-3).
1
Let p(k) = 3*k**2 - 4*k - 80. Give p(6).
4
Let l(t) = -39*t - 194. Give l(-5).
1
Let r(i) = 268*i - 1834. Calculate r(7).
42
Let c(k) = k**3 + 26*k**2 - 315*k + 8. Give c(9).
8
Let o(l) = 18*l - 40. Give o(3).
14
Let p(s) = 1790*s**2 + 10738*s - 14. Determine p(-6).
-2
Let q(u) = 48*u + 208. What is q(-4)?
16
Let m(x) = -3*x**3 + 6*x**2 + 88*x + 80. Determine m(-1).
1
Let t(b) = -b**2 - 11*b - 158. Calculate t(-20).
-338
Let a(v) = 8*v**3 + v**2 + 48*v + 1. Calculate a(0).
1
Let a(k) = 5*k**3 - 24*k**2 - 10*k + 4. Calculate a(5).
-21
Let u(g) = -22*g - 9. Calculate u(1).
-31
Let z(g) = 3*g**2 + 34*g + 15. Give z(-13).
80
Let q(x) = x**2 + 87*x + 1781. What is q(-54)?
-1
Let u(j) = -j**3 + 25*j**2 + 44*j - 476. What is u(26)?
-8
Let x(f) = 485*f**2 + 4375*f + 87. Calculate x(-9).
-3
Let v(b) = 2*b**3 + 24*b**2 - 83*b + 104. What is v(-15)?
-1
Let g(v) = -v**3 + 7*v**2 + 27*v 